tive of 3*p**4/4 + p**3/3 - p**2 - p + 18. Give x(2).
23
Let x(z) = 13*z + 3 - 12*z - 1. Give x(0).
2
Let f be (7 + 1)*3*3/9. Let n(g) = g - 11. Calculate n(f).
-3
Let j(h) = 7*h + 5. Let s(u) = 7*u + 4. Let z(x) = 5*j(x) - 6*s(x). Let f = -10 - -4. Let v be 1/f + 35/30. Determine z(v).
-6
Let j(v) = 3*v - 4*v**2 + v**2 + 4*v**2 - 1. Let l be (3 + (-38)/10)*(-10)/4. Calculate j(l).
9
Suppose -3*b = -b - 8. Let r(j) = -j + 5. Let y(q) be the second derivative of q**2/2 - 2*q. Let u(a) = -r(a) + 4*y(a). What is u(b)?
3
Let z(c) be the third derivative of c**6/120 + c**5/15 + c**4/12 + c**3/2 + c**2. Determine z(-3).
6
Let l = -6 - -3. Let o(a) = -a**3 + 3*a - 2 + 92*a**2 - 94*a**2 + 0*a. What is o(l)?
-2
Let b(q) = q - 6. Suppose m = 6 + 26. Suppose 4*l = -12 + m. What is b(l)?
-1
Let k(j) be the second derivative of -7*j**4/12 + j**3/6 + j. Let l(r) = r + 1. Let z(w) = -k(w) + l(w). What is z(-1)?
8
Let v be (-4)/(3 + -2 + 0). Let g(c) = -4 + 6*c**2 - 6*c + 2*c - 6*c**2 - c**2. What is g(v)?
-4
Let a(c) be the second derivative of -c**3/3 - c**2 + 3*c. Suppose v + z = 10, 4*v - 20 = 2*v - 5*z. Let f = 7 - v. Give a(f).
4
Let n(f) = 2*f + 3 + f**2 - f**2 - 8*f + f**2. Let r be n(3). Let b(a) = -a - 1. Let q be b(r). Let x(g) = g**3 - 6*g**2 + 5*g + 6. Determine x(q).
6
Let x = 0 - -2. Let q(g) = g + x - 5 - 1. Suppose 15 = 5*h - 2*h. Determine q(h).
1
Let s(t) = t**3 - 4*t**2 - 5*t + 5. Let r = 15 - 10. What is s(r)?
5
Let t be 3*(-4)/6 - 2. Let c(o) = -o**3 + 5*o**2 + 2*o - 5. Let p(u) = 4*u**3 - 15*u**2 - 7*u + 15. Let a(z) = -7*c(z) - 2*p(z). Calculate a(t).
-11
Let q(a) = 3*a**2 - 3*a - 6. Let l(x) = 8*x**2 - 10*x - 18. Let v(k) = 4*l(k) - 11*q(k). Give v(-6).
0
Let c(d) = d**3 + 6*d**2 - d + 2. Let j(b) = 3*b**3 + 17*b**2 - 2*b + 6. Let h(l) = -8*c(l) + 3*j(l). Suppose 0*m - 6 = 3*m. What is h(m)?
2
Let w(z) be the first derivative of z**2 - 3*z**2 - 1 - 2*z**3 + 2*z**2. Suppose -5*u = -5*n - 5, 4*u + 4 = -4*n - 0*n. Determine w(n).
-6
Let v(r) = r**3 - 307*r**2 - 2*r**3 + 302*r**2 + 6*r + 4. Give v(-5).
-26
Let b(r) be the second derivative of -r**5/20 + 2*r**4/3 - r**3 - 9*r**2/2 + 39*r. Give b(7).
-2
Suppose 1 = 3*f + 16. Let r = 0 - f. Let d(j) = 3 - j**3 + 3*j**2 - 1 - 4*j + 3*j**2 - 3. Determine d(r).
4
Let x(m) = 5*m**3 - 1. Let p be x(-1). Let k = p + 10. Let n(l) = -3 + l**3 + 0*l**3 + 6*l - 5*l**2 - 2*l. Give n(k).
-3
Let t(v) be the third derivative of 1/120*v**6 + 2/3*v**3 - v**2 + 0*v + 0 + 1/60*v**5 - 1/8*v**4. Give t(-3).
-5
Let f(x) = x + 2. Suppose -2*m + 2 = -2. Suppose -3*z = -4*z - m. Let r = z - -2. Give f(r).
2
Let w(c) = c + 8. Let t be w(-6). Suppose -2*q + 8 = 2*q. Suppose -t*k - h = q, -k + 0*k - 7 = -h. Let f(b) = b**3 + 3*b**2 - 3*b - 1. Calculate f(k).
8
Let z(w) = w**3 + 6*w**2 + 4*w - 3. Let s = 12 + -6. Let p be (-5)/(20/s)*-22. Suppose -2*l - 2*d - 1 = -l, 5*l = 4*d - p. Calculate z(l).
2
Let s(t) = -t**2 - 7*t - 7. Let h(k) = -7*k**3 + k**2 + 2*k - 2. Let m be h(1). Calculate s(m).
-1
Let q(k) be the third derivative of -k**6/120 - 2*k**5/15 - 5*k**4/24 + 3*k**3/2 + k**2. Let y = 79 - 86. Determine q(y).
-5
Let r(o) be the second derivative of -o**3/6 - 9*o**2/2 - o. Suppose 3*z + 23 = 8. Calculate r(z).
-4
Suppose -d = -5 + 3. Let c(g) = -g**2 - 3*g + 1. Calculate c(d).
-9
Let k(p) = p**2 - 6*p - 8. Let v be 10 + -2 + 1 + -1. Give k(v).
8
Let p(g) = 2*g**2 + g - 1. Let k(r) = r**2 + 3*r + 4. Let s be k(-4). Let i be (-1)/(2*2/s). Determine p(i).
5
Let r = -22 - -26. Let i(n) = 4*n + 4. Give i(r).
20
Let c(f) = -6*f - 3 + 2*f - f + 4. What is c(-2)?
11
Let s(g) = g - 2. Let j be s(4). Let n(w) = 7*w**j + 1 - 2*w**2 + 5 - w**3 - w. Give n(5).
1
Let g be (-2)/(-8) - (-3)/(-12). Let h(m) = 2*m - 5 - m - 2*m + g*m. Determine h(-5).
0
Let c(d) = 3 + 5 + d**2 - 10 + 2*d. Calculate c(-4).
6
Let k(t) = t + 8. Let c be (12/(-2))/((-9)/(-6)). Calculate k(c).
4
Let x(b) be the third derivative of b**5/30 + 7*b**4/24 - 2*b**3/3 - 6*b**2. Let d(a) = -3*a**2 - 13*a + 7. Let g(m) = 6*d(m) + 11*x(m). Calculate g(-2).
16
Suppose -2*k - a + 5 + 3 = 0, 2*k = 3*a - 8. Let l(v) = -v**2 - v + 1. Calculate l(k).
-5
Suppose -3*u + 5*u + 8 = 4*y, -4 = 5*u - 2*y. Suppose u = -3*f + 12, 3*p - 8 = -p - 4*f. Let l(g) = 2*g**3 + 3*g**2 + 2*g - 1. Calculate l(p).
-9
Let f(k) = 2*k + 2. Suppose 3*s - s + 8 = -j, 0 = s + j + 5. What is f(s)?
-4
Let x(o) = o**3 + o + 1. Let v(u) = -8*u**3 - 2*u - 1. Let n(t) = v(t) + 2*x(t). Calculate n(1).
-5
Let n(k) = 10*k**2 + 23*k + 31. Let p(f) = 7*f**2 + 15*f + 21. Let b(q) = -5*n(q) + 7*p(q). What is b(-8)?
8
Let x(w) be the first derivative of w**4/24 + w**3/3 + w**2 + 4. Let d(g) be the second derivative of x(g). Calculate d(-4).
-2
Let p(s) = -2*s**3 - 5*s**2 - 3*s - 1. Suppose 0 = 14*l - 10*l + 12. What is p(l)?
17
Let x(p) be the second derivative of p**4/12 - p**3 + 5*p**2/2 + 2*p. Let m be (-2)/7 + 88/14. What is x(m)?
5
Let r(v) be the second derivative of v**6/720 + v**5/20 + v**4/3 + 8*v. Let q(z) be the third derivative of r(z). Give q(-7).
-1
Let h(k) = 3*k**3 + 9*k**2 - 9. Let f(l) = 2*l**3 + 5*l**2 - 5. Let t(u) = 5*f(u) - 3*h(u). What is t(3)?
11
Let m be (-2)/(5/((-45)/6)). Let o(k) = 0*k + 14 - m*k - 14. Give o(1).
-3
Let r(b) = b + 3. Let s be r(-1). Let n(j) = j**s + 5 - 5 + 11 + j. Give n(0).
11
Let r(u) = u**3 - 6*u**2 - 8*u + 7. Suppose -2*w - 13 = -27. What is r(w)?
0
Let p(j) = 6*j**2 + 12*j - 3. Let o(m) = 5*m**2 + 11*m - 2. Let h(n) = 7*o(n) - 6*p(n). Suppose 3*r - 2 = 13. What is h(r)?
4
Let h be 30/(-12)*(-2 + 0). Let f(s) = -s**2 + 7*s - 5. What is f(h)?
5
Let t(n) = -3*n - 9. Let a(x) = 10*x + 27. Let b(m) = m**3 + 5*m**2 + 2*m - 1. Let u be b(-2). Let f(w) = u*t(w) + 2*a(w). Let h = 4 - 4. Give f(h).
-9
Let g(r) = -r - 1. Let z be g(-1). Suppose l + 6 = -z*l. Let q(v) = -v + 2. Determine q(l).
8
Suppose -2 = t - 5*q, 0 = -2*t - 2*q + 5 + 3. Suppose -t*x = 9, 0*x + 3*x = g - 6. Let s(m) = 3*m - 1. Determine s(g).
-10
Suppose -4*o = -7*o - 21. Let b(f) be the second derivative of f**4/12 + 4*f**3/3 + 9*f**2/2 + f. What is b(o)?
2
Let h(q) = -q**3 - 5*q**2 - 7*q - 5. Suppose -4*v = 2*p + 15 + 9, 2*p + 16 = -2*v. Determine h(p).
7
Let s(j) = j - 1. Let h(n) = -4*n + 3. Let f(y) = 7*y - 5. Let z be (-23)/5 + (-4)/10. Let w(i) = z*h(i) - 3*f(i). Let x be w(-5). Calculate s(x).
4
Let x be 6*(2 + -1) - 0. Suppose 2 = -4*z + x*z. Let t be 2 + 0/(0 - z). Let i(n) = -n - 1. Determine i(t).
-3
Suppose 3*l - 11 = 4*o, -o - 4*l + 3 = 1. Let d(v) = -v**2 + 2*v + 3. Calculate d(o).
-5
Suppose 25 = -3*r - 2*q, -q + 2*q = -5. Let j(g) = -g**3 - 5*g**2 + 3*g + 7. Calculate j(r).
-8
Suppose 4*s + 2*p = 10, -p - 3 - 8 = -2*s. Let y(j) = 5*j**2 - 1 - j**3 + 1 + 2 - j - j**2. Give y(s).
-2
Let s(w) = 2*w + 3. Suppose -6*h + h + 45 = 0. Let k be 3/(h/2)*3. Suppose 2*l - 2*o = -18, -33 = -0*l + k*l - 5*o. Calculate s(l).
-5
Let u(l) = -2*l**2 - 10*l + 5. Let v(x) = -x**2 - x - 1. Let j(p) = u(p) - 3*v(p). Give j(6).
2
Suppose -y + 2 = -2. Suppose 0 = y*r - r. Let g(m) = 3*m - 4*m**2 + r*m**2 + m**2. What is g(2)?
-6
Let z(g) be the third derivative of -g**3/6 + g**2. Let c(u) = -u + 2. Let w(j) = c(j) - 3*z(j). Give w(5).
0
Let m(d) be the second derivative of -2*d**3 + 12*d**2 + 3*d. Let j(q) = -3*q + 6. Let x(k) = -9*j(k) + 2*m(k). Give x(5).
9
Let y(x) = -x**3 + 9*x**2 + 11*x - 14. Let m be y(10). Let b(h) = h**3 + 4*h**2 + 5. Give b(m).
5
Suppose -2 = 7*f - 9*f. Let s(x) = -x - 1. Calculate s(f).
-2
Let f(d) = -d**2 + d + 1. Let m be f(3). Let c(x) = -x - 7. Give c(m).
-2
Suppose -5*s = -w + 9, s - w + 3 = -2*w. Let g(n) be the second derivative of -n**5/10 - n**4/4 + n**2/2 - 3*n. What is g(s)?
5
Let v(d) = 2*d + 2. Let r be v(3). Suppose -7*g + 3*g = -5*z + 4, -2*z + 4*g - r = 0. Suppose -z*c = -3*c - 6. Let b(x) = x**3 - 5*x**2 - 7*x. What is b(c)?
-6
Let q(r) = -r**2 + 5*r. Let k(m) = m**2 - 2*m - 5. Let g be k(5). Let o = g + -7. Let d = o + 2. What is q(d)?
0
Let m(w) = -w + 1. Let x = 11 + -8. Let r(j) = j - 3. Let o be r(x). What is m(o)?
1
Let x = -1 - -1. Let h(c) = 2*c**3 - 4*c**2 - 2*c + 5. Let d(k) = -k**3 + k**2 + k. Let m(q) = 3*d(q) + h(q). Calculate m(x).
5
Let k(l) = 4*l**3 - 8*l**2 + 3*l - 17. Let m(x) = -3*x**3 + 8*x**2 - 4*x + 16. Let u(i) = 4*k(i) + 5*m(i). Deter